 -54576?
545b7
In base 7, what is 1542564444 - 1?
1542564443
In base 8, what is 310476441 + -2?
310476437
In base 2, what is 10101001 + -100000111011010111000?
-100000111011000001111
In base 15, what is -6 - 3dc54?
-3dc5a
In base 4, what is 133333030323 - -10?
133333030333
In base 13, what is ba86 - 5a6?
b4b0
In base 5, what is -1044 - -10112?
4013
In base 5, what is -4041203043 + -41?
-4041203134
In base 5, what is 0 - -4032214422?
4032214422
In base 15, what is 29 + 985e?
9888
In base 11, what is -1341 - 12175?
-13506
In base 9, what is -787 + -7834?
-8732
In base 12, what is -176 - -1262592?
1262418
In base 9, what is 245662 + -4757?
240804
In base 14, what is 2909d + 5a?
29119
In base 3, what is 12111 + 11021121?
11111002
In base 14, what is -1b7 + 13833?
1365a
In base 11, what is 86a - 3375?
-2606
In base 16, what is -3786 + 81c?
-2f6a
In base 6, what is -320135221 + -12?
-320135233
In base 12, what is 21930 + 31?
21961
In base 10, what is -7 + -914836?
-914843
In base 5, what is -2 + -2102012110?
-2102012112
In base 9, what is -53 - 126046?
-126110
In base 11, what is -912195 - 33?
-912218
In base 7, what is -366 + 23434?
23035
In base 4, what is 1003232223 - -2100?
1003300323
In base 11, what is a6605742 + 5?
a6605747
In base 7, what is 12 + -26126315?
-26126303
In base 13, what is 13042c3 - -26?
1304319
In base 8, what is 2072545 - 1?
2072544
In base 15, what is -d12 - 3ee6?
-4d08
In base 16, what is 2 - 3751523?
-3751521
In base 3, what is 2110010102 + 211002?
2110221111
In base 14, what is 286 - 6c4b?
-69a5
In base 13, what is -26 - 25549b?
-2554c4
In base 4, what is 232130011333 - 113?
232130011220
In base 6, what is 55012151252 - 0?
55012151252
In base 6, what is -3213152 - 1301?
-3214453
In base 5, what is 11 - 1334441401?
-1334441340
In base 7, what is 2042 + 205101?
210143
In base 12, what is -104 - -2273a40?
2273938
In base 3, what is -112011101 - -11021122?
-100212202
In base 4, what is 131021203311 + -12?
131021203233
In base 13, what is 5991bc + -2?
5991ba
In base 4, what is 2110232330130 - 0?
2110232330130
In base 4, what is 1 - -2211131013031?
2211131013032
In base 3, what is 122200100 - -212000?
200112100
In base 8, what is -5 - 10614225?
-10614232
In base 16, what is 6ab3 - 3f?
6a74
In base 3, what is -110 + 1000122111200212?
1000122111200102
In base 15, what is e0 - -27d97?
27e87
In base 2, what is 10 - -11010000001110001101?
11010000001110001111
In base 8, what is 5 + 105435715?
105435722
In base 6, what is -12441531320 - 2?
-12441531322
In base 3, what is -12020000110122010 - 1?
-12020000110122011
In base 13, what is -2b73a - -63?
-2b6a7
In base 13, what is -44c7cc9 - 13?
-44c800c
In base 11, what is 9414 + -1a64a?
-11236
In base 11, what is 7a967 - 179?
7a799
In base 16, what is -1770e6d + -4?
-1770e71
In base 3, what is -210200 - -12022202012?
12021221112
In base 3, what is 21021121122 - 220?
21021120202
In base 14, what is 43a - -6738b?
677c7
In base 9, what is -751 + 1547?
686
In base 5, what is -1 - -3001412344?
3001412343
In base 10, what is 14093633 + -26?
14093607
In base 11, what is 5674 - 7a6?
4979
In base 3, what is 100 - 221102101210220?
-221102101210120
In base 4, what is 100301323 - 2030?
100233233
In base 5, what is -32004 - -123?
-31331
In base 2, what is -1010111 + 100000011001001010010?
100000011000111111011
In base 12, what is 2569 - 799?
1990
In base 9, what is 124118 - -204?
124323
In base 12, what is 30a87 + -161b?
2b468
In base 14, what is -12b3c - 5b?
-12b99
In base 8, what is 4 + -44016011?
-44016005
In base 6, what is -213454052 - -5?
-213454043
In base 8, what is -6 - 512737214?
-512737222
In base 2, what is -101010000100010011000 - -1101?
-101010000100010001011
In base 10, what is -10 - -1781755?
1781745
In base 16, what is -390e + ee8?
-2a26
In base 10, what is 59 - -4042289?
4042348
In base 10, what is 2 - -4919087?
4919089
In base 9, what is -304560 + 13?
-304546
In base 7, what is 200006436 - 0?
200006436
In base 15, what is -ae5c5 - 3b?
-ae611
In base 12, what is 6 - -58482458?
58482462
In base 3, what is 220202210211101 + -21?
220202210211010
In base 15, what is d0225 + 5?
d022a
In base 13, what is 14a8 + -3375?
-1b9a
In base 8, what is -133263 - -113?
-133150
In base 15, what is 55996 + 3?
55999
In base 9, what is -87730245 + 5?
-87730240
In base 14, what is 628b9c8d + 2?
628b9c91
In base 12, what is 4 - 66aa921?
-66aa919
In base 6, what is -20345 + -5530001?
-5550350
In base 10, what is 2626 + -11047?
-8421
In base 13, what is -1272 - -1bb83?
1a911
In base 4, what is -203021212003 + -33?
-203021212102
In base 13, what is -34 - 2855bc?
-285623
In base 3, what is 2010200012210201121 - 11?
2010200012210201110
In base 14, what is 5 + 1425d44?
1425d49
In base 14, what is 14 + 13a181?
13a195
In base 4, what is 3 - -230221101322?
230221101331
In base 7, what is -3563 - -415?
-3145
In base 11, what is 52 - 94475?
-94423
In base 11, what is 91492 - -289?
91770
In base 15, what is 2c12ed5 - 0?
2c12ed5
In base 12, what is 158b63 + 10?
158b73
In base 11, what is 32286154 - 5?
3228614a
In base 5, what is 10 - -404132341?
404132401
In base 9, what is 140616731 + -2?
140616728
In base 9, what is 13758 - -3827?
17686
In base 16, what is -9347f2 - 4?
-9347f6
In base 10, what is 33 - -6452433?
6452466
In base 12, what is 7635 - 75a?
6a97
In base 3, what is -10220221111111 + 100?
-10220221111011
In base 7, what is -21614 - 664?
-22611
In base 3, what is 12200120110000 - -2?
12200120110002
In base 12, what is -4 - 34810662?
-34810666
In base 16, what is 3 - -379c042?
379c045
In base 4, what is 123 + -2000020002?
-2000013213
In base 10, what is 300 - 35733?
-35433
In base 5, what is -3402344401 + -114?
-3402400020
In base 10, what is -5 + -5126219?
-5126224
In base 3, what is -1201020202000 + 112?
-1201020201111
In base 13, what is -b548 - 52b?
-ba76
In base 4, what is -100 + -132310132?
-132310232
In base 16, what is 82da7 - 3?
82da4
In base 15, what is -18 - -4bd95d?
4bd945
In base 8, what is -5 + -152765340?
-152765345
In base 6, what is 0 - 403235140?
-403235140
In base 15, what is -28 + 34485?
3445c
In base 3, what is -210201110010111010 + -2?
-210201110010111012
In base 7, what is -14446 - 2020?
-16466
In base 13, what is -b7495 + 41?
-b7454
In base 15, what is 3d68e - -b9?
3d758
In base 13, what is -13 + 11cb8c8?
11cb8b5
In base 3, what is -21122020010100 - 12?
-21122020010112
In base 5, what is -1441142102 - -10?
-1441142042
In base 7, what is -14646 - -1011?
-13635
In base 6, what is -411233442 + 2?
-411233440
In base 15, what is -138a - -12179?
10cde
In base 7, what is -2425 + 215251?
212523
In base 10, what is -154864015 - -1?
-154864014
In base 12, what is 2a6ba0 + 12?
2a6bb2
In base 15, what is 3c1a + 2a?
3c45
In base 4, what is -32031332 - -101112?
-31330220
In base 5, what is 4210222 - -230?
4211002
In base 5, what is 30413020 + 120?
30413140
In base 5, what is 4401 - 124042131?
-124032230
In base 15, what is 1c56b96 + 4?
1c56b9a
In base 16, what is -3eb - 180f5?
-184e0
In base 11, what is 759917a + -5?
7599175
In base 9, what is -7866611 - 12?
-7866623
In base 8, what is -67 + -52255?
-52344
In base 9, what is -20565372 - -2?
-20565370
In base 5, what is -2214043 - 211200?
-2430243
In base 13, what is -1 - -9a36853?
9a36852
In base 7, what is 14431 - 15510?
-1046
In base 7, what is 4 + 66343126?
66343133
In base 5, what is -131114 + 14324?
-111240
In base 15, what is 4d09 + -101d?
3cdb
In base 4, what is -11 + 31301111201?
31301111130
In base 8, what is -4 - 407145456?
-407145462
In base 5, what is 31421 + -10414?
21002
In base 9, what is -23706756 + 0?
-23706756
In base 13, what is b0c - 219?
8c3
In base 14, what is -8674a10 - 5?
-8674a15
In base 12, what is -3484 - 3917a?
-40642
In base 7, what is -162 - -15606?
15414
In base 14, what is -1563d + -2358?
-17997
In base 4, what is -11 - 10120320310?
-10120320321
In base 14, what is 8 - 696287?
-69627d
In base 9, what is -16 - -10301408?
10301382
In base 10, what is 1 - -2994627?
2994628
In base 7, what is 1541 + 12615?
14456
In base 6, what is 11112143 - 150?
11111553
In base 4, what is -13131022121 - 213?
-13131023000
In base 4, what is -1313 - -2323232013?
2323230100
In base 4, what is -2031321311 - -31000?
-2031230311
In base 11,